o/(11/(-6)) - -2. Calculate the highest common factor of 24 and y.
8
Let j = 429 - 413. What is the highest common factor of 272 and j?
16
Suppose -19*h + 22*h - 180 = 0. What is the greatest common divisor of 105 and h?
15
Let q = 1 - -2. Suppose -8*c + q*c = -90. Suppose -6*k + k + 155 = -5*h, 4*k - 5*h - 119 = 0. Calculate the highest common divisor of k and c.
18
Suppose 259*b - 96 = 258*b. Calculate the highest common factor of b and 120.
24
Suppose -4*s + 11 + 25 = 0. Suppose 0 = 4*f - c - 12, 4*f + s*c - 4*c + 12 = 0. What is the highest common factor of f and 18?
2
Suppose -114 = -3*z - 0*z. Calculate the highest common divisor of z and 475.
19
Let v(h) = 4*h**3 - 3*h + 4. Let l be v(1). Let q be (-12)/(-3) - l*-12. Let r = 0 - -16. What is the greatest common factor of q and r?
16
Suppose -222 = 40*f - 1662. What is the greatest common divisor of f and 900?
36
Let v be ((-228)/(-95))/((-2)/(-85)). Calculate the greatest common factor of v and 6.
6
Let n = -769 + 805. Calculate the greatest common factor of 12 and n.
12
Suppose -792 = 12*o - 18*o. Calculate the greatest common divisor of o and 88.
44
Let t = 28 - 8. Let p be (-2 + (-1)/2)*8/(-4). What is the greatest common factor of p and t?
5
Suppose -2*r - 3 - 3 = 0, 5*x - r = 728. Suppose 4*k = -2*u + 170, -2*u = 4*k - 5*u - x. What is the highest common divisor of 8 and k?
8
Let h = -2 + 17. Let w be 18/(-3 - (-50)/h). Suppose 5*y = -d + 155, d + d + 3*y = 282. Calculate the highest common factor of d and w.
27
Let b be (-92)/(-9) + (-6)/27. Suppose 0 = f + 2*g + 6 - 38, 2*g = -b. Let i(z) = 7*z. Let l be i(1). Calculate the highest common divisor of f and l.
7
Let q be (-10)/3*(-30)/40*36. What is the highest common factor of 4410 and q?
90
Suppose 254 = 5*u + 64. Suppose -17*v - 88 - 140 = -20*v. Calculate the greatest common divisor of v and u.
38
Suppose 802 = 4*t + 2*i, -5*t + 1194 = 4*i + 190. Calculate the greatest common factor of 4 and t.
4
Let n(j) = -6*j + 93. Let a be n(0). Suppose -a - 51 = -3*r. Calculate the greatest common factor of r and 36.
12
Let d = 728 + -673. Let l(g) = -g**3 - g**2 + g + 5. Let k be l(0). What is the greatest common factor of d and k?
5
Let p be 16 - ((2 - -4) + -2). Suppose 0*a - p = -a. Calculate the highest common divisor of a and 3.
3
Let s(j) = -16*j - 28. Let h be s(-9). What is the greatest common factor of 290 and h?
58
Let q = 766 - 742. Suppose -3*d + 19 + 17 = 0. What is the greatest common divisor of q and d?
12
Let n be 3*(-1)/(15/(-235)). Suppose -a - 48 - 65 = -5*j, -a = -2*j + n. Calculate the highest common divisor of j and 198.
22
Let z = 1 - 0. Let y(j) = 5*j + 190. Let s be y(-38). Suppose s = -a + z. What is the highest common factor of 2 and a?
1
Let t be 5/10 + 703/2. Let a = t + -191. Calculate the greatest common divisor of 23 and a.
23
Let j be (7/(-2))/((-6)/(-12)). Let g(s) = 5*s + s + 4*s - 2*s + 8 + s**2. Let k be g(j). What is the highest common divisor of 8 and k?
1
Suppose 685 - 5635 = -6*g. What is the greatest common divisor of 33 and g?
33
Let t(v) = 4*v**2 - 3*v - 2. Let z be t(-1). Let g = -14 + 49. What is the greatest common factor of g and z?
5
Let v = -1157 - -1237. Let z be (-2)/(-10) - 72/(-15). Let j(c) = -c**2 + 6*c + 5. Let i be j(z). What is the highest common factor of i and v?
10
Let y(i) = -i**3 + 19*i**2 + i - 6. Let v be y(18). What is the greatest common factor of 96 and v?
48
Suppose 3*k - 293 = 547. Let s(h) = -h**3 - h**2 - 5*h + 2. Let r be s(-3). What is the greatest common factor of r and k?
35
Let v(r) = 7*r**2 + 42*r - 180. Let o be v(4). Calculate the greatest common divisor of o and 20.
20
Suppose -5*r - 19 + 17 = 4*x, 5*r + 16 = 3*x. Let j(d) = -d - 1. Let i be j(-6). What is the highest common divisor of x and i?
1
Let o = -11 - -17. What is the highest common divisor of o and 26?
2
Let p = 3 - 2. Let k be (-14)/2 + (4 - (2 - 7)). What is the greatest common factor of p and k?
1
Let a(v) = 34*v - 65. Let g be a(12). What is the highest common divisor of g and 49?
49
Let c = 1646 - -82. What is the highest common factor of 48 and c?
48
Let t(h) = h**2 - 18*h + 29. Let z be t(-7). Calculate the greatest common divisor of z and 12.
12
Let r(d) = 11*d + 125. Let c be r(-8). Calculate the greatest common divisor of 555 and c.
37
Suppose 162 = 18*d - 12*d. What is the greatest common divisor of d and 216?
27
Let a = 541 - 193. Calculate the highest common divisor of 12 and a.
12
Let i = -752 + 776. Let y(v) = 12*v. Let q be y(5). What is the highest common divisor of i and q?
12
Let f = 26 - -58. What is the greatest common factor of 112 and f?
28
Let f be (-61)/(-2) - 7/(-14). What is the greatest common divisor of 4 and f?
1
Let a(x) = 9*x**3 - 2*x**2 - 2*x. Let w be a(2). Suppose -30*p + 25*p = -w. Calculate the greatest common divisor of p and 12.
12
Let r(b) = b**3 + 13*b**2 + 10*b - 20. Let y be r(-12). What is the highest common divisor of y and 176?
4
Suppose 2*w + 810 = 5*g + 5*w, 0 = -g + 4*w + 162. What is the highest common divisor of g and 6?
6
Let v be (13/(-26))/((-1)/18). What is the greatest common factor of v and 27?
9
Let x be (15 - (-12 - -20)) + 0/(-2). Calculate the highest common divisor of 469 and x.
7
Let q be (1 - 2) + (-57)/(-1). Let r be (-18)/(-45) + q/10. Suppose -r*y + 4*i + 62 = -y, -y + 25 = -5*i. What is the highest common divisor of y and 25?
5
Suppose 0 = 3*q + 20 - 5. Let x = 25 - q. Calculate the greatest common factor of x and 20.
10
Let d be 21*(-3 + 4)/(-1). Let a be (-56)/(-6) - 14/d. Calculate the greatest common divisor of 10 and a.
10
Let x(y) = -y**3 - 6*y**2 - 2*y + 1. Suppose -15*r - 54 = -6*r. Let h be x(r). Calculate the greatest common divisor of 143 and h.
13
Let c be (-11 - (-42)/9)*-27. What is the greatest common factor of c and 228?
57
Let g = -162 + 199. What is the greatest common divisor of g and 37?
37
Let a(c) = -9*c + 218. Let w be a(23). Let y(r) = -122*r - 1. Let n be y(-1). What is the greatest common factor of n and w?
11
Let q be (-23)/(-7) - (-6)/(-21). Suppose 0 = -q*m + 65 + 55. Let p = 194 - 186. Calculate the highest common factor of m and p.
8
Suppose 3*y - 6 + 0 = 0. Suppose 5*r + 5*a - 83 = 2*a, 2*r - 34 = -y*a. What is the highest common factor of 2 and r?
2
Let a(w) = 8*w - 1. Let m(g) = -23*g + 2. Let k(o) = 11*a(o) + 4*m(o). Let p be k(-4). What is the greatest common divisor of p and 13?
13
Let b = -701 - -1000. Calculate the greatest common factor of 13 and b.
13
Let f(l) = l - 1. Let t(p) = 13*p**2 + 2*p - 3. Let b(q) = 2*f(q) - t(q). Let d be b(1). Let z = d - -39. What is the greatest common factor of z and 18?
9
Let p = 56 - 22. Let q be 1/1 - (-40 + -10). What is the highest common divisor of p and q?
17
Suppose -14*c + 7*c + 70 = 0. Calculate the highest common divisor of c and 20.
10
Suppose -4*w + i + 39 = -0*w, 2*w = -2*i + 22. Let z(k) = k**3 + 9*k**2 + 4*k - 2. Let m be z(-8). What is the highest common factor of w and m?
10
Suppose -5*k + 158 = 53. What is the highest common factor of k and 105?
21
Let o be (399/4)/((-12)/(-32)). Suppose -3*p + o = -4*b, 2*b - 4 = -2. What is the highest common divisor of p and 18?
18
Let f be (-1)/(-2)*2 + 9. Let k(r) = -r**3 + 10*r**2 - 7*r - 2. Let w = -1 + 9. Let y be k(w). What is the greatest common divisor of y and f?
10
Let c = 6 - 2. Suppose -2*x - c*q = -50, -2*x + 5*q = -0*x - 5. Let w(y) = y + 9. Let z be w(6). What is the greatest common factor of z and x?
15
Let x(r) = 5*r + 13. Suppose 0 = k + 4 + 14. Let g = k - -28. Let d be x(g). What is the highest common factor of d and 7?
7
Suppose 0 = 5*d - 9*d + 92. Suppose 4*f + 3*x - d = 0, 0 = -3*f - 2*x - 0*x + 16. Calculate the highest common factor of f and 5.
1
Let y be (-19)/38*((-136)/2 + 2). What is the highest common factor of 99 and y?
33
Suppose 0*t + 16 = t. Suppose r + t = 5*r. Let p = r + 12. Calculate the greatest common divisor of p and 24.
8
Let z = -436 - -448. What is the greatest common factor of z and 2532?
12
Suppose -2*j + o - 5 = -50, 2*o - 110 = -4*j. Let n be ((-2)/(-5))/(5/j). Suppose -16 = y - 5*y. Calculate the highest common factor of n and y.
2
Let u(z) = z**2 + 0*z - 39 + z - 12*z. Let f be u(17). Calculate the greatest common factor of 9 and f.
9
Suppose -782 - 2